ainder when 22 is divided by y.
10
Suppose -4*i - 40 = -0*i + 2*b, 5*i + 39 = 3*b. Let g(a) = -2*a - 9. Let x be g(i). Let w = x + 5. What is the remainder when 27 is divided by w?
13
Suppose -k + 5 = -n - 22, 3*k - 5*n = 75. Let z = k + -13. What is the remainder when 65 is divided by z?
14
Suppose 4*q = -1 + 13. Suppose 0*z + 6 = q*z. Let b = z - -4. What is the remainder when 16 is divided by b?
4
Let m = 5 + -8. Let u(n) be the third derivative of -n**4/8 + n**3/3 + 5*n**2. What is the remainder when 32 is divided by u(m)?
10
Let z(n) = n + 2. Suppose 4*s = 2*u - 18, 2*s - 36 = -4*u + s. Calculate the remainder when u is divided by z(3).
4
Let q(r) = r**3 - 11*r**2 + 3*r - 8. Let a(c) = c**3 - 10*c**2 + 3*c - 7. Let b(y) = 5*a(y) - 4*q(y). Calculate the remainder when 43 is divided by b(6).
13
Let u(j) be the second derivative of j**3/6 + 17*j**2/2 + 3*j. Calculate the remainder when 32 is divided by u(0).
15
Let n(a) = a**3 - 6*a**2 - 6*a - 11. Let m be n(7). What is the remainder when m/(-3)*1218/28 is divided by 15?
13
Calculate the remainder when (-254)/(-7) + (-8)/28 is divided by 13.
10
Suppose 4*b + 20 = 2*p, -4*b + 50 = 5*p - b. What is the remainder when 38 is divided by p?
8
Let d(o) = -o**3 - o**2 + o + 1. Let z be d(-2). Let k = z + 4. Calculate the remainder when 12 is divided by k.
5
Let a = -79 + 107. Calculate the remainder when 77 is divided by a.
21
Suppose -2*q = q, 0 = -4*m - q + 40. Suppose -5*z = -11 - 129. What is the remainder when z is divided by m?
8
Let o be (5 - (1 - 2)) + -2. Let f = o + -2. Calculate the remainder when f is divided by 1 + -1 - (0 - 1).
0
Suppose 3*p - p - l = -8, 2*l + 8 = 0. Let u = 10 + p. What is the remainder when 35 is divided by 18/u*(-24)/(-9)?
11
Let d be 85/20 - (-1)/(-4). Let x = 25 - d. What is the remainder when x is divided by 11?
10
Suppose -5*b + 119 = -246. Calculate the remainder when b is divided by 25.
23
Let b(t) = 30*t. Let j = -10 - -14. Let d be b(j). Suppose -5*n + 5*w = -d, 3*w - 2 = 2*w. What is the remainder when n is divided by 14?
12
Let v = 4 + -4. Suppose 3*l - 4*h - 126 = v, -l - 2*h - h = -42. What is the remainder when l is divided by 15?
12
Suppose -4*i = 4*u - 68, -2*i - 5*u + 51 = i. Let v = i - 9. What is the remainder when v is divided by 5?
3
Let g = 48 + -31. Calculate the remainder when 83 is divided by g.
15
Suppose -16 = -4*z - 3*p, -4*z - 4*p + 12 = -4. Suppose 5*f = 4*i + 2*f - 41, 2*i = -z*f + 26. What is the remainder when i is divided by 6?
5
Calculate the remainder when 0 - (0 + -2) - -35 is divided by ((-56)/(-35))/(2/25).
17
Let m(c) = -c**2 + 4*c + 1. What is the remainder when m(2) is divided by 2?
1
Let p = 5 - 3. Let h be p/(-3)*(-1 + -2). Calculate the remainder when (-16 + h)/(0 - 1) is divided by 5.
4
Let t = 38 + -18. What is the remainder when t is divided by 7?
6
Let q be 68/(-3)*9/(-6). Let f = -21 + q. What is the remainder when 37 is divided by f?
11
Let t = 13 + -10. Suppose -4*s + 43 = -t*h, -2*h + 9 = 5*s + 53. Let b = 40 + h. Calculate the remainder when 45 is divided by b.
22
Let i = -15 + 22. What is the remainder when 27 is divided by i?
6
Suppose 0 = -6*l + 3 + 33. Calculate the remainder when 19 is divided by 1 + -2 + 48/l.
5
Let s be -6 + 0 + 0/(-2). Let u(p) be the first derivative of -p**3/3 - 9*p**2/2 - 5*p + 4. What is the remainder when 24 is divided by u(s)?
11
Suppose b + 2*b + 5*m - 74 = 0, 56 = 2*b + 2*m. Suppose 3*k - 30 = -9. Suppose b + k = 4*l. What is the remainder when 28 is divided by l?
8
Calculate the remainder when 7 is divided by (-4 + -1)*(36/(-20))/3.
1
Let m = 24 - -27. Suppose g - 43 = -2*o, -3*g + 34 + m = 4*o. Calculate the remainder when 64 is divided by o.
20
Let h = -113 - -185. Calculate the remainder when h is divided by 21.
9
Suppose q - 141 = 4*k + 310, 0 = -5*k - 4*q - 590. Let r be -2 - (-5)/((-15)/k). Let h = -20 + r. What is the remainder when 31 is divided by h?
15
Let y(u) = 3*u**2 - 6*u + 2. Let z(j) = j**2 - 11*j + 24. What is the remainder when z(13) is divided by y(4)?
24
Let c(w) = 17*w + 2. Let u be c(-2). What is the remainder when 20/(-2)*u/20 is divided by 9?
7
Suppose 0*b + b - 5 = 0. Let j(i) = 1 + 8*i + b - i - i**2. Calculate the remainder when 11 is divided by j(7).
5
Suppose 5*i - i - 416 = 0. Calculate the remainder when i is divided by 36.
32
Let h(r) = r**3 - 4*r**2 - r + 4. Let y be h(4). Suppose -a + y*a + 8 = 0. What is the remainder when 30 is divided by a?
6
Let t = -6 - -6. Suppose 3*a + l - 10 = t, 4*a - l + 3*l = 10. What is the remainder when a is divided by 2?
1
Suppose 0 = -4*z + z - 459. Calculate the remainder when z/(-12) + 3/12 is divided by 7.
6
Let a = -7 - -4. Let h = -10 - a. Let b(d) = -3*d - 10. What is the remainder when b(h) is divided by 6?
5
Suppose 3*a = a + 72. Suppose 0 = -7*l + 5*l + a. Calculate the remainder when l is divided by 7.
4
Suppose -27*s = -28*s + 55. What is the remainder when s is divided by 12?
7
Let y(s) = -28*s - 1. Suppose -5 + 2 = 3*l. Calculate the remainder when y(l) is divided by 14.
13
Let t(w) = -w**2 - 17*w - 4. Calculate the remainder when 25 is divided by t(-16).
1
Suppose 5*x - 5*d = -2*d + 100, 5*x + 5*d - 140 = 0. What is the remainder when x/(-2*(-1)/4) is divided by 16?
14
Let h(m) = 22*m. Let p be h(-1). Let v = p - -35. Calculate the remainder when v is divided by 8.
5
Let o be 15 - -1*(-8)/(-4). What is the remainder when 15 is divided by (o - 11) + 6/2?
6
Suppose 0 = 7*b - 2*b - 25, -4*w - 5*b + 41 = 0. Suppose -3*m - 13 = -w. Calculate the remainder when (-56)/m + (-2)/(-6) is divided by 10.
9
Suppose 2*h + 0 - 12 = -4*m, -5*h + 16 = 3*m. Let c(i) = 0*i - 3*i**3 - i + 3*i**3 + i**h + 38 - i**3. What is the remainder when c(0) is divided by 10?
8
Let d = 33 + -16. Calculate the remainder when 41 is divided by d.
7
Suppose 3*y = 2*y + 4. Suppose -21 = 4*q + a, -3*a + 7*a + y = 4*q. Calculate the remainder when 31 is divided by (-4)/16 - 45/q.
9
Suppose 0*f - f = -5*k + 169, -3*f = -3*k + 111. Calculate the remainder when k is divided by 12.
9
Let k = -29 + 112. Calculate the remainder when k is divided by 29.
25
Let k = 32 - 19. Let h(i) = -i**3 + 4*i**2 - i + 1. Calculate the remainder when k is divided by h(3).
6
Let l(b) = -6*b. Let w(d) = -31*d. Let m(p) = 11*l(p) - 2*w(p). Let g(v) = -v**2 + 18*v - 19. Calculate the remainder when g(13) is divided by m(-4).
14
Let z(q) be the first derivative of 50*q**3/3 - q**2/2 - 2*q + 5. What is the remainder when z(-1) is divided by 17?
15
Let j = 640 - 440. Suppose 2*q + 3*q = j. What is the remainder when q is divided by 21?
19
Let t(u) = 5*u + 10. Let h be t(-4). Let r = h + 28. Suppose 34 = 2*k - k. Calculate the remainder when k is divided by r.
16
Calculate the remainder when 54 is divided by (6 - 230/15)/(4/(-6)).
12
Let o(n) = 7*n**2 - n - 4. Calculate the remainder when o(-2) is divided by 14.
12
Let u = -82 + 130. Calculate the remainder when u is divided by 17.
14
Let s be (-24)/12*10/(-4). Suppose s*l - 39 - 263 = 2*q, -322 = -5*l - 3*q. Calculate the remainder when l is divided by 16.
14
Suppose 3*u - 29 = 31. Suppose 2*p = 3*p - 10. Let f = p + -3. Calculate the remainder when u is divided by f.
6
Let z(f) = -f**2 - 6*f + 3. Let q be z(-6). Let l = 5 - q. Let v = -253 - -257. Calculate the remainder when v is divided by l.
0
Suppose 4*t = t + 9. What is the remainder when 4 is divided by t?
1
Let p(w) = -9*w**2. Let z be p(2). Let b = z + 56. Suppose -2*t + 2*f + 4 = -0*f, 60 = 5*t + 5*f. What is the remainder when b is divided by t?
6
Suppose -2*h = -4*u - 50, 3*h - 10 = h. Let c = 21 + u. Suppose 3*v - 47 = -c. What is the remainder when v is divided by 7?
5
Let u = 26 + -18. Let l = 2 + 3. Suppose -3*d = -9, -l*h = -4*d + 3*d - 67. What is the remainder when h is divided by u?
6
Let x = -12 + 14. What is the remainder when 2 is divided by x?
0
Let i = 14 - -13. Calculate the remainder when i is divided by 10.
7
Let k = -11 - -24. What is the remainder when k is divided by 5?
3
Let h(b) = b**3 + 6*b**2 + b - 4. Let p be h(-4). Let r = 21 + p. What is the remainder when r is divided by 24?
21
What is the remainder when 6/(-14) + 248/7 is divided by 9?
8
Let q(a) = -a - 2 + 0*a - 2*a + 0. Calculate the remainder when 18 is divided by q(-4)